er when 3819 is divided by 958.
945
What is the remainder when 3509 is divided by 437?
13
What is the remainder when 6313 is divided by 395?
388
What is the remainder when 179715 is divided by 502?
501
Calculate the remainder when 33086 is divided by 150.
86
Calculate the remainder when 58734 is divided by 72.
54
What is the remainder when 26565 is divided by 416?
357
Calculate the remainder when 2646037 is divided by 1327.
1326
What is the remainder when 3520 is divided by 131?
114
Calculate the remainder when 1002880 is divided by 28.
4
Calculate the remainder when 661199 is divided by 43.
31
What is the remainder when 178264 is divided by 37?
35
What is the remainder when 290570 is divided by 3459?
14
What is the remainder when 14371 is divided by 22?
5
Calculate the remainder when 246323 is divided by 174.
113
What is the remainder when 545657 is divided by 181885?
2
What is the remainder when 17831 is divided by 330?
11
Calculate the remainder when 50178 is divided by 12536.
34
Calculate the remainder when 904 is divided by 449.
6
Calculate the remainder when 31261 is divided by 151.
4
Calculate the remainder when 7751 is divided by 858.
29
Calculate the remainder when 7612 is divided by 2221.
949
Calculate the remainder when 27131 is divided by 3014.
5
Calculate the remainder when 5408 is divided by 1344.
32
What is the remainder when 18289 is divided by 982?
613
Calculate the remainder when 11214 is divided by 594.
522
What is the remainder when 1399 is divided by 670?
59
What is the remainder when 27934 is divided by 16?
14
What is the remainder when 4417 is divided by 1094?
41
What is the remainder when 146477 is divided by 459?
56
What is the remainder when 148226 is divided by 74106?
14
Calculate the remainder when 293470 is divided by 146735.
0
Calculate the remainder when 998 is divided by 40.
38
Calculate the remainder when 1951 is divided by 417.
283
What is the remainder when 18958 is divided by 3738?
268
Calculate the remainder when 116715 is divided by 112.
11
Calculate the remainder when 14939 is divided by 62.
59
What is the remainder when 111069 is divided by 74?
69
Calculate the remainder when 39788 is divided by 13260.
8
What is the remainder when 7249 is divided by 29?
28
Calculate the remainder when 267 is divided by 41.
21
What is the remainder when 65475 is divided by 50?
25
What is the remainder when 57765 is divided by 14411?
121
What is the remainder when 9193 is divided by 3023?
124
What is the remainder when 9538012 is divided by 895?
892
What is the remainder when 3489 is divided by 195?
174
What is the remainder when 7386 is divided by 386?
52
What is the remainder when 6873 is divided by 977?
34
What is the remainder when 7408 is divided by 48?
16
Calculate the remainder when 402373 is divided by 53.
50
What is the remainder when 24555 is divided by 157?
63
Calculate the remainder when 683561 is divided by 245.
11
Calculate the remainder when 3456817 is divided by 477.
475
Calculate the remainder when 69761 is divided by 1041.
14
What is the remainder when 107575 is divided by 987?
979
What is the remainder when 41686 is divided by 1264?
1238
Calculate the remainder when 45068 is divided by 517.
89
What is the remainder when 2024 is divided by 170?
154
What is the remainder when 581 is divided by 282?
17
What is the remainder when 904924 is divided by 378?
370
What is the remainder when 9382 is divided by 13?
9
Calculate the remainder when 37490 is divided by 230.
0
What is the remainder when 102254 is divided by 112?
110
Calculate the remainder when 29486 is divided by 14551.
384
What is the remainder when 221328 is divided by 33?
30
Calculate the remainder when 2122 is divided by 778.
566
What is the remainder when 24729 is divided by 48?
9
Calculate the remainder when 167400 is divided by 436.
412
What is the remainder when 8 is divided by 8?
0
What is the remainder when 209167 is divided by 69721?
4
What is the remainder when 48994 is divided by 4451?
33
What is the remainder when 44846 is divided by 22417?
12
Calculate the remainder when 14070 is divided by 352.
342
Calculate the remainder when 5121 is divided by 2507.
107
What is the remainder when 34571 is divided by 17284?
3
Calculate the remainder when 10971 is divided by 104.
51
What is the remainder when 2716 is divided by 170?
166
Calculate the remainder when 498616 is divided by 18.
16
What is the remainder when 1364911 is divided by 33?
31
What is the remainder when 4067 is divided by 150?
17
What is the remainder when 345 is divided by 64?
25
What is the remainder when 109638 is divided by 10?
8
Calculate the remainder when 47735 is divided by 73.
66
What is the remainder when 10067 is divided by 10034?
33
Calculate the remainder when 504693 is divided by 17.
14
Calculate the remainder when 5243 is divided by 496.
283
Calculate the remainder when 192382 is divided by 37.
19
What is the remainder when 1421 is divided by 778?
643
What is the remainder when 214395 is divided by 46?
35
What is the remainder when 88319 is divided by 409?
384
Calculate the remainder when 1036948 is divided by 669.
667
Calculate the remainder when 14441 is divided by 352.
9
What is the remainder when 1948 is divided by 1913?
35
What is the remainder when 3422 is divided by 34?
22
What is the remainder when 45782 is divided by 45759?
23
Calculate the remainder when 13613 is divided by 3401.
9
Calculate the remainder when 63562 is divided by 740.
662
Calculate the remainder when 570125 is divided by 12669.
20
What is the remainder when 12559 is divided by 17?
13
What is the remainder when 6169 is divided by 199?
0
What is the remainder when 4508 is divided by 1133?
1109
What is the remainder when 1301 is divided by 147?
125
Calculate the remainder when 71796 is divided by 116.
108
What is the remainder when 280439 is divided by 410?
409
Calculate the remainder when 170533 is divided by 182.
181
Calculate the remainder when 62653 is divided by 290.
13
Calculate the remainder when 42044 is divided by 3503.
8
What is the remainder when 2700 is divided by 2656?
44
Calculate the remainder when 3543 is divided by 1291.
961
Calculate the remainder when 20110 is divided by 77.
13
Calculate the remainder when 6125 is divided by 42.
35
What is the remainder when 5129 is divided by 16?
9
What is the remainder when 285284 is divided by 715?
714
What is the remainder when 186536 is divided by 186531?
5
What is the remainder when 5271 is divided by 1478?
837
What is the remainder when 658 is divided by 169?
151
What is the remainder when 10872 is divided by 2172?
12
Calculate the remainder when 8861 is divided by 114.
83
What is the remainder when 5533 is divided by 4?
1
What is the remainder when 147686 is divided by 48?
38
Calculate the remainder when 9215 is divided by 4571.
73
Calculate the remainder when 329 is divided by 90.
59
Calculate the remainder when 204177 is divided by 68059.
0
What is the remainder when 38722 is divided by 1934?
42
Calculate the remainder when 5834 is divided by 102.
20
What is the remainder when 358 is divided by 103?
49
What is the remainder when 4635 is divided by 122?
121
Calculate the remainder when 414733 is divided by 890.
883
Calculate the remainder when 73648 is divided by 441.
1
Calculate the remainder when 5902 is divided by 43.
11
What is the remainder when 150763 is divided by 178?
175
What is the remainder when 26599 is divided by 391?
11
What is the remainder when 3344 is divided by 358?
122
What is the remainder when 15139 is divided by 196?
47
What is the remainder when 2820 is divided by 2810?
10
What is the remainder when 16931 is divided by 1400?
131
Calculate the remainder when 2028 is divided by 136.
124
Calculate the remainder when 1210 is divided by 1176.
34
Calculate the remainder when 37755 is divided by 17.
15
What is the remainder when 15548 is divided by 46?
0
Calculate the remainder when 2483 is divided by 69.
68
What is the remainder when 124780 is divided by 176?
172
Calculate the remainder when 278 is divided by 114.
50
Calculate the remainder when 266104 is divided by 1810.
34
What is the remainder when 2274 is divided by 50?
24
Calculate the remainder when 70905 is divided by 17.
15
Calculate the remainder when 4